{"id":5391,"date":"2025-02-21T19:47:49","date_gmt":"2025-02-21T19:47:49","guid":{"rendered":"https:\/\/www.pdstech.com\/Testingv1\/?page_id=5391"},"modified":"2026-02-20T15:55:49","modified_gmt":"2026-02-20T20:55:49","slug":"eeo-statement-and-legal-notices","status":"publish","type":"page","link":"https:\/\/www.pdstech.com\/Testingv1\/eeo-statement-and-legal-notices\/","title":{"rendered":"EEO Statement and Legal Notices"},"content":{"rendered":"\n<div class=\"wp-block-columns is-layout-flex wp-container-2 wp-block-columns-is-layout-flex\">\n<div class=\"wp-block-column format-text-section is-layout-flow wp-block-column-is-layout-flow\">\n<div style=\"height:85px\" aria-hidden=\"true\" class=\"wp-block-spacer\"><\/div>\n\n\n\n<h1 class=\"wp-block-heading\">EEO Statement and Legal Notices<\/h1>\n\n\n\n<h3 class=\"wp-block-heading\">Know Your Rights<\/h3>\n\n\n\n<p class=\"regular-text-link\"><a href=\"https:\/\/www.eeoc.gov\/sites\/default\/files\/2022-10\/22-088_EEOC_KnowYourRights_10_20.pdf\" target=\"_blank\" rel=\"noreferrer noopener\"><strong>Know Your Rights: Workplace Discrimination is Illegal <\/strong>(English)<\/a><\/p>\n\n\n\n<p class=\"regular-text-link\"><br><a href=\"https:\/\/www.eeoc.gov\/sites\/default\/files\/2022-10\/22-088_EEOC_KnowYourRightsSp_10_20.pdf\" target=\"_blank\" rel=\"noreferrer noopener\"><strong>Know Your Rights: Workplace Discrimination is Illegal<\/strong> (Spanish)<\/a><\/p>\n\n\n\n<h2 class=\"wp-block-heading\"><br><strong>Equal Employment Opportunity Policy<\/strong><\/h2>\n\n\n\n<p>The Adecco Group is an Equal Opportunity Employer. The Company is firmly committed to fostering an inclusive and supporting workplace where all employees feel valued and have equal opportunities to succeed. We believe that diverse perspectives contribute to innovation, collaboration, and overall business success.<\/p>\n\n\n\n<p>The Company is an equal opportunity employer, and it is a continuing policy of the Company to afford equal employment opportunities in all aspects of employment (including but not limited to job selection, hiring, promotion, termination, compensation, training and benefits) to all individuals without regard to race (including protected hairstyles, hair texture, hair type, and hair length), color, religion, sex or gender (including pregnancy childbirth and related medical conditions, sexual orientation or gender identity including transgender status), national origin, ancestry, familial status, marital status, age, mental or physical disability, military or veteran status, citizenship or immigration status, genetic information, and any other activity or status protected by federal, state, or local law which has jurisdiction over the employee (\u201cProtected Characteristics\u201d).<\/p>\n\n\n\n<p>Employment decisions will be based on the principles of merit and qualifications without discrimination based on any Protected Characteristics. All applicants for employment and employees of the Company may exercise their rights under this Policy or federal, state or local laws.<\/p>\n\n\n\n<h2 class=\"wp-block-heading\"><br>Americans with Disabilities Act<\/h2>\n\n\n\n<p>Pursuant to the Americans with Disabilities Act (ADA), the ADA Amendments Act, and our own internal policies and culture, the Company will endeavor to provide reasonable accommodation to qualified individuals with known disabilities upon request to enable them to apply or perform the essential functions of their job, so long as the accommodation does not impose an undue hardship. We will engage in an interactive dialogue with all individuals requesting accommodations. Some examples of potential accommodations include providing assistive devices, reassignment to a different position, and\/or finite periods of leave; however, each situation and position is unique and will be analyzed individually to ensure that both an accommodation can be provided and that no undue hardship occurs as a result.<\/p>\n\n\n\n<p class=\"regular-text-link\">An applicant or employee who believes they require an accommodation in order to apply or perform the essential functions of the job should contact the employee\u2019s Company Representative and\/or the Human Resources Department at <a href=\"mailto:thehub@adeccona.com\"><strong>thehub@adeccona.com<\/strong><\/a> or 800-793-7657, option 6 to request an accommodation. The individual should specify what accommodation they believe is needed. To the extent medical records are required to evaluate a reasonable accommodation, the Company will preserve the confidentiality of such medical records. During the period when the Company is reviewing the individual\u2019s request, information concerning the disability will be shared only with those who have a business need to know. If it will not impose an undue hardship, an accommodation will be made or an alternative accommodation will be proposed.<\/p>\n\n\n\n<p><br>The Company does not deny employment to or discriminate against individuals with disabilities, and it will not retaliate against individuals for requesting an accommodation. The Company prohibits discrimination against job applicants in employment screening and hiring processes. The Company provides job applicants with reasonable accommodations in the screening and hiring processes, including reasonable accommodations regarding the administration and use of any pre-employment test. When alerted to the need for accommodation, the Company will engage job applicants in the interactive process to provide reasonable accommodation.<\/p>\n\n\n\n<h2 class=\"wp-block-heading\"><br>E-Verify and Right to Work Notices<\/h2>\n\n\n\n<p class=\"regular-text-link\"><a href=\"https:\/\/www.e-verify.gov\/sites\/default\/files\/everify\/posters\/IER_RightToWorkPoster Eng_Es.pdf\" target=\"_blank\" rel=\"noreferrer noopener\"><strong>IER Right to Work Poster<\/strong> (English\/Spanish)<\/a><\/p>\n\n\n\n<p class=\"regular-text-link\"><br><a href=\"https:\/\/www.e-verify.gov\/sites\/default\/files\/everify\/posters\/EVerifyParticipationPoster.pdf\" target=\"_blank\" rel=\"noreferrer noopener\"><strong>E-Verify Participation Poster<\/strong> (English\/Spanish)<\/a><\/p>\n\n\n\n<h2 class=\"wp-block-heading\"><br>Applicant Notices<\/h2>\n\n\n\n<p class=\"regular-text-link\"><a href=\"https:\/\/www.dol.gov\/whd\/regs\/compliance\/posters\/fmlaen.pdf\" target=\"_blank\" rel=\"noreferrer noopener\"><strong>Family and Medical Leave Act Poster<\/strong><\/a><\/p>\n\n\n\n<p class=\"regular-text-link\"><br><a href=\"https:\/\/www.dol.gov\/whd\/regs\/compliance\/posters\/eppac.pdf\" target=\"_blank\" rel=\"noreferrer noopener\"><strong>E<\/strong><\/a><strong><a href=\"https:\/\/www.dol.gov\/whd\/regs\/compliance\/posters\/eppac.pdf\" target=\"_blank\" rel=\"noreferrer noopener\">mployee Polygraph Protection Act<\/a><\/strong><\/p>\n\n\n\n<h2 class=\"wp-block-heading\"><br>City\/County\/State Posters and Notices<\/h2>\n\n\n\n<p class=\"regular-text-link\"><a href=\"https:\/\/bca.lacity.org\/Uploads\/fciho\/Ban the Box Poster - Private Employers%2C as of 8.23.18.pdf\" target=\"_blank\" rel=\"noreferrer noopener\"><strong>Notice to Applicants and Employees: Los Angeles Fair Chance Initiative for Hiring Ordinance<\/strong><\/a><\/p>\n\n\n\n<p class=\"regular-text-link\"><br><a href=\"https:\/\/www.sf.gov\/sites\/default\/files\/2022-12\/FCO poster2020_0.pdf?_gl=1*4gy5aq*_ga*NTEyMzQ3ODAwLjE3MjU3MjgzOTg.*_ga_BT9NDE0NFC*MTcyNTcyODM5Ny4xLjAuMTcyNTcyODM5Ny4wLjAuMA..*_ga_63SCS846YP*MTcyNTcyODM5Ny4xLjAuMTcyNTcyODM5Ny4wLjAuMA\" target=\"_blank\" rel=\"noreferrer noopener\"><strong>City and County of San Francisco Fair Chance Ordinance<\/strong><\/a><\/p>\n\n\n\n<p class=\"regular-text-link\"><br><a href=\"https:\/\/dcba.lacounty.gov\/wp-content\/uploads\/2024\/08\/FCOE-Official-Notice-Eng-Final-8.30.2024.pdf\" target=\"_blank\" rel=\"noreferrer noopener\"><strong>County of Los Angeles Fair Chance Ordinance for Employers<\/strong><\/a><\/p>\n\n\n\n<p style=\"font-size:14px\"><br><strong>Massachusetts Candidates Only:<\/strong>It is unlawful in Massachusetts to require or administer a lie detector test as a condition of employment or continued employment. An employer who violates this law shall be subject to criminal penalties and civil liability.<\/p>\n\n\n\n<div style=\"height:80px\" aria-hidden=\"true\" class=\"wp-block-spacer\"><\/div>\n\n\n\n<h2 class=\"wp-block-heading\" style=\"font-size:32px\"><mark style=\"background-color:rgba(0, 0, 0, 0);color:#273f96\" class=\"has-inline-color\">Declaraci\u00f3n de EEO y avisos legales para el solicitante<\/mark><\/h2>\n\n\n\n<p><strong>Conoce tus derechos<\/strong><\/p>\n\n\n\n<p class=\"regular-text-link\"><a href=\"https:\/\/www.eeoc.gov\/sites\/default\/files\/2022-10\/22-088_EEOC_KnowYourRights_10_20.pdf\" target=\"_blank\" rel=\"noreferrer noopener\"><strong>Conozca sus derechos: la discriminaci\u00f3n en el lugar de trabajo es ilegal<\/strong> (ingl\u00e9s)<\/a><\/p>\n\n\n\n<p class=\"regular-text-link\"><br><a href=\"https:\/\/www.eeoc.gov\/sites\/default\/files\/2022-10\/22-088_EEOC_KnowYourRightsSp_10_20.pdf\"><strong>Conozca sus derechos: la discriminaci\u00f3n en el lugar de trabajo es ilegal<\/strong> (espa\u00f1ol)<\/a><\/p>\n\n\n\n<h2 class=\"wp-block-heading\"><br>Pol\u00edtica de igualdad de oportunidades en el empleo<\/h2>\n\n\n\n<p>La empresa est\u00e1 firmemente comprometida a fomentar un lugar de trabajo inclusivo y de apoyo donde todos los empleados se sientan valorados y tengan igualdad de oportunidades para tener \u00e9xito. Creemos que las perspectivas diversas contribuyen a la innovaci\u00f3n, la colaboraci\u00f3n y al \u00e9xito general del negocio.<\/p>\n\n\n\n<p>La empresa es un empleador que ofrece igualdad de oportunidades, y es pol\u00edtica continua de la empresa ofrecer igualdad de oportunidades de empleo en todos los aspectos del empleo (incluyendo, pero no limit\u00e1ndose a, selecci\u00f3n de personal, contrataci\u00f3n, promoci\u00f3n, despido, compensaci\u00f3n, formaci\u00f3n y beneficios) a todas las personas, sin importar su raza (incluyendo peinados protegidos, textura del cabello, tipo de cabello y longitud del cabello), color, religi\u00f3n, sexo o g\u00e9nero (incluyendo embarazo, parto y condiciones m\u00e9dicas relacionadas, orientaci\u00f3n sexual, identidad de g\u00e9nero e inclusi\u00f3n de estado transg\u00e9nero), origen nacional, ascendencia, estado familiar, estado civil, edad, discapacidad mental o f\u00edsica, estatus militar o de veterano, ciudadan\u00eda o estatus migratorio, informaci\u00f3n gen\u00e9tica y cualquier otra actividad o estatus protegido por la ley federal, estatal o local que tenga jurisdicci\u00f3n sobre el empleado (denominados en conjunto &#8220;Caracter\u00edsticas Protegidas&#8221;).<\/p>\n\n\n\n<p>Las decisiones de empleo se basar\u00e1n en los principios de m\u00e9rito y cualificaciones sin discriminaci\u00f3n basada en ninguna de las Caracter\u00edsticas Protegidas. Todos los solicitantes de empleo y empleados de la empresa pueden ejercer sus derechos conforme a esta pol\u00edtica o las leyes federales, estatales o locales.<\/p>\n\n\n\n<h2 class=\"wp-block-heading\"><br>Acta de Americanos con Discapacidades<\/h2>\n\n\n\n<p>De conformidad con la Ley de Estadounidenses con Discapacidades (ADA), la Ley de Enmiendas de la ADA y nuestras propias pol\u00edticas y cultura internas, la Compa\u00f1\u00eda se esforzar\u00e1 por brindar adaptaciones razonables a las personas calificadas con discapacidades conocidas que lo soliciten para permitirles aplicar o realizar el funciones esenciales de su trabajo, siempre que la adaptaci\u00f3n no imponga una carga excesiva. Participaremos en un di\u00e1logo interactivo con todas las personas que soliciten adaptaciones. Algunos ejemplos de posibles adaptaciones incluyen proporcionar dispositivos de asistencia, reasignaci\u00f3n a un puesto diferente y\/o per\u00edodos finitos de licencia; sin embargo, cada situaci\u00f3n y puesto es \u00fanico y se analizar\u00e1 individualmente para garantizar que se pueda proporcionar una adaptaci\u00f3n y que, como resultado, no se produzcan dificultades excesivas.<\/p>\n\n\n\n<p class=\"regular-text-link\">Un solicitante o empleado que crea que necesita una adaptaci\u00f3n para postularse o realizar las funciones esenciales del trabajo debe comunicarse con el representante de la empresa del empleado y\/o el Departamento de Recursos Humanos en <a href=\"mailto:thehub@adeccona.com\"><strong>thehub@adeccona.com<\/strong> <\/a>o al 800-793-7657, opci\u00f3n 6. para solicitar una adaptaci\u00f3n. La persona debe especificar qu\u00e9 adaptaciones cree que necesita. En la medida en que se requieran registros m\u00e9dicos para evaluar una adaptaci\u00f3n razonable, la Compa\u00f1\u00eda preservar\u00e1 la confidencialidad de dichos registros m\u00e9dicos. Durante el per\u00edodo en que la Compa\u00f1\u00eda est\u00e9 revisando la solicitud del individuo, la informaci\u00f3n relacionada con la discapacidad se compartir\u00e1 solo con aquellos que tengan una necesidad comercial de saberla. Si no impondr\u00e1 una dificultad excesiva, se realizar\u00e1 una adaptaci\u00f3n o se propondr\u00e1 una adaptaci\u00f3n alternativa.<\/p>\n\n\n\n<p><br>La Compa\u00f1\u00eda no niega empleo ni discrimina a personas con discapacidades, y no tomar\u00e1 represalias contra personas por solicitar una adaptaci\u00f3n. La Compa\u00f1\u00eda proh\u00edbe la discriminaci\u00f3n contra los solicitantes de empleo en los procesos de selecci\u00f3n y contrataci\u00f3n de empleo. La Compa\u00f1\u00eda brinda a los solicitantes de empleo adaptaciones razonables en los procesos de selecci\u00f3n y contrataci\u00f3n, incluidas adaptaciones razonables con respecto a la administraci\u00f3n y el uso de cualquier prueba previa al empleo. Cuando se le alerte sobre la necesidad de adaptaciones, la Compa\u00f1\u00eda involucrar\u00e1 a los solicitantes de empleo en el proceso interactivo para proporcionar adaptaciones razonables.<\/p>\n\n\n\n<h2 class=\"wp-block-heading\"><br>Avisos de E-Verify y derecho a trabajar<\/h2>\n\n\n\n<p class=\"regular-text-link\"><a href=\"https:\/\/www.e-verify.gov\/sites\/default\/files\/everify\/posters\/IER_RightToWorkPoster%20Eng_Es.pdf\" target=\"_blank\" rel=\"noreferrer noopener\"><strong>P\u00f3ster del Derecho al Trabajo de la IER (ingl\u00e9s\/espa\u00f1ol)<\/strong><\/a><\/p>\n\n\n\n<p class=\"regular-text-link\"><br><a href=\"https:\/\/www.e-verify.gov\/sites\/default\/files\/everify\/posters\/EVerifyParticipationPoster.pdf\" target=\"_blank\" rel=\"noreferrer noopener\"><strong>P\u00f3ster de participaci\u00f3n en E-Verify (ingl\u00e9s\/espa\u00f1ol)<\/strong><\/a><\/p>\n\n\n\n<h2 class=\"wp-block-heading\"><br>Avisos al solicitante<\/h2>\n\n\n\n<p class=\"regular-text-link\"><a href=\"https:\/\/www.dol.gov\/sites\/dolgov\/files\/WHD\/legacy\/files\/fmlasp.pdf\" target=\"_blank\" rel=\"noreferrer noopener\"><strong>Family and Medical Leave Act Poster (Spanish)<\/strong><\/a><\/p>\n\n\n\n<p class=\"regular-text-link\"><br><a href=\"https:\/\/www.dol.gov\/sites\/dolgov\/files\/WHD\/legacy\/files\/eppaspan.pdf\" target=\"_blank\" rel=\"noreferrer noopener\"><strong>Employee Polygraph Protection Act (Spanish)<\/strong><\/a><\/p>\n\n\n\n<h2 class=\"wp-block-heading\"><br>Carteles y Avisos de la Ciudad\/Condado\/Estado<\/h2>\n\n\n\n<p class=\"regular-text-link\"><a href=\"https:\/\/bca.lacity.org\/Uploads\/fciho\/Ban%20the%20Box%20Poster%20-%20Private%20Employers%2C%20as%20of%208.23.18.pdf\"><strong>Aviso a los solicitantes y empleados: Iniciativa de oportunidad justa de Los \u00c1ngeles para la ordenanza de contra<\/strong><\/a><a href=\"https:\/\/bca.lacity.org\/Uploads\/fciho\/Ban%20the%20Box%20Poster%20-%20Private%20Employers%2C%20as%20of%208.23.18.pdf\" target=\"_blank\" rel=\"noreferrer noopener\"><strong>taci\u00f3n<\/strong><\/a><\/p>\n\n\n\n<p class=\"regular-text-link\"><br><a href=\"https:\/\/www.sf.gov\/sites\/default\/files\/2022-12\/FCO%20poster2020_0.pdf?_gl=1*4gy5aq*_ga*NTEyMzQ3ODAwLjE3MjU3MjgzOTg.*_ga_BT9NDE0NFC*MTcyNTcyODM5Ny4xLjAuMTcyNTcyODM5Ny4wLjAuMA..*_ga_63SCS846YP*MTcyNTcyODM5Ny4xLjAuMTcyNTcyODM5Ny4wLjAuMA\" target=\"_blank\" rel=\"noreferrer noopener\"><strong>Ordenanza sobre oportunidades justas de la ciudad y el condado de San Francisco<\/strong><\/a><\/p>\n\n\n\n<p class=\"regular-text-link\"><br><a href=\"https:\/\/dcba.lacounty.gov\/wp-content\/uploads\/2024\/08\/FCOE-Official-Notice-Eng-Final-8.30.2024.pdf\" target=\"_blank\" rel=\"noreferrer noopener\"><strong>Ordenanza de igualdad de oportunidades para empleadores del condado de Los \u00c1ngeles<\/strong><\/a><\/p>\n\n\n\n<p style=\"font-size:14px\"><br><strong>Solo para candidatos de Massachusetts:<\/strong> Es ilegal en Massachusetts exigir o administrar una prueba de detector de mentiras como condici\u00f3n para el empleo o la continuidad del empleo. Un empleador que viole esta ley estar\u00e1 sujeto a sanciones penales y responsabilidad civil.<\/p>\n<\/div>\n<\/div>\n\n\n\n<div id=\"makeiteasy-back-to-top\" data-smooth-scroll=\"false\" data-enable-on-desktop=\"true\" data-break-point-mobile-desktop=\"768\" data-go-to-bottom=\"false\" style=\"--makeiteasy-back-to-top-opacity:0.7;--makeiteasy-back-to-top-visibility-transition-duration:0.3s;--makeiteasy-back-to-top-right:30px;--makeiteasy-back-to-top-bottom:30px\" class=\"wp-block-makeiteasy-back-to-top\">\n<div class=\"wp-block-button\"><a class=\"wp-block-button__link wp-element-button\" style=\"border-radius:9px;padding-top:12px;padding-right:12px;padding-bottom:12px;padding-left:12px\"><img decoding=\"async\" loading=\"lazy\" src=\"data:image\/svg+xml;base64,PHN2ZyB3aWR0aD0iMjQiIGhlaWdodD0iMjQiIHZlcnNpb249IjEuMSIgdmlld0JveD0iMCA5NiA0ODAgMjgzIiB4bWxucz0iaHR0cDovL3d3dy53My5vcmcvMjAwMC9zdmciPjxwYXRoIGQ9Im00MyAzNzktNDMtNDMgMjQwLTI0MCAyNDAgMjQwLTQzIDQzLTE5Ny0xOTd6IiBmaWxsPSIjZmZmIi8+PC9zdmc+Cg==\" alt=\"Back to top arrow\" width=\"24\" height=\"24\"><\/a><\/div>\n<\/div>\n","protected":false},"excerpt":{"rendered":"<p>EEO Statement and Legal Notices Know Your Rights Know Your Rights: Workplace Discrimination is Illegal (English) Know Your Rights: Workplace Discrimination is Illegal (Spanish) Equal Employment Opportunity Policy The Adecco Group is an Equal Opportunity Employer. The Company is firmly committed to fostering an inclusive and supporting workplace where all employees feel valued and have &hellip; <\/p>\n<p class=\"link-more\"><a href=\"https:\/\/www.pdstech.com\/Testingv1\/eeo-statement-and-legal-notices\/\" class=\"more-link\">Continue reading<span class=\"screen-reader-text\"> &#8220;EEO Statement and Legal Notices&#8221;<\/span><\/a><\/p>\n","protected":false},"author":20,"featured_media":0,"parent":0,"menu_order":0,"comment_status":"closed","ping_status":"closed","template":"","meta":{"footnotes":""},"yoast_head":"<!-- This site is optimized with the Yoast SEO plugin v21.3 - https:\/\/yoast.com\/wordpress\/plugins\/seo\/ -->\n<title>PDS Tech Commercial is an Equal Opportunity Employer<\/title>\n<meta name=\"description\" content=\"As an Equal Opportunity Employer, the PDS is firmly committed to fostering an inclusive and supporting workplace for all.\" \/>\n<meta name=\"robots\" content=\"index, follow, max-snippet:-1, max-image-preview:large, max-video-preview:-1\" \/>\n<link rel=\"canonical\" href=\"https:\/\/www.pdstech.com\/eeo-statement-and-legal-notices\/\" \/>\n<meta property=\"og:locale\" content=\"en_US\" \/>\n<meta property=\"og:type\" content=\"article\" \/>\n<meta property=\"og:title\" content=\"PDS Tech Commercial is an Equal Opportunity Employer\" \/>\n<meta property=\"og:description\" content=\"As an Equal Opportunity Employer, the PDS is firmly committed to fostering an inclusive and supporting workplace for all.\" \/>\n<meta property=\"og:url\" content=\"https:\/\/www.pdstech.com\/eeo-statement-and-legal-notices\/\" \/>\n<meta property=\"og:site_name\" content=\"PDS Tech Commercial\" \/>\n<meta property=\"article:publisher\" content=\"https:\/\/www.facebook.com\/PDSTechInc\/\" \/>\n<meta property=\"article:modified_time\" content=\"2026-02-20T20:55:49+00:00\" \/>\n<meta name=\"twitter:card\" content=\"summary_large_image\" \/>\n<meta name=\"twitter:label1\" content=\"Est. reading time\" \/>\n\t<meta name=\"twitter:data1\" content=\"7 minutes\" \/>\n<script type=\"application\/ld+json\" class=\"yoast-schema-graph\">{\"@context\":\"https:\/\/schema.org\",\"@graph\":[{\"@type\":\"WebPage\",\"@id\":\"https:\/\/www.pdstech.com\/eeo-statement-and-legal-notices\/\",\"url\":\"https:\/\/www.pdstech.com\/eeo-statement-and-legal-notices\/\",\"name\":\"PDS Tech Commercial is an Equal Opportunity Employer\",\"isPartOf\":{\"@id\":\"https:\/\/www.pdstech.com\/#website\"},\"datePublished\":\"2025-02-21T19:47:49+00:00\",\"dateModified\":\"2026-02-20T20:55:49+00:00\",\"description\":\"As an Equal Opportunity Employer, the PDS is firmly committed to fostering an inclusive and supporting workplace for all.\",\"breadcrumb\":{\"@id\":\"https:\/\/www.pdstech.com\/eeo-statement-and-legal-notices\/#breadcrumb\"},\"inLanguage\":\"en-US\",\"potentialAction\":[{\"@type\":\"ReadAction\",\"target\":[\"https:\/\/www.pdstech.com\/eeo-statement-and-legal-notices\/\"]}]},{\"@type\":\"BreadcrumbList\",\"@id\":\"https:\/\/www.pdstech.com\/eeo-statement-and-legal-notices\/#breadcrumb\",\"itemListElement\":[{\"@type\":\"ListItem\",\"position\":1,\"name\":\"Home\",\"item\":\"https:\/\/www.pdstech.com\/\"},{\"@type\":\"ListItem\",\"position\":2,\"name\":\"EEO Statement and Legal Notices\"}]},{\"@type\":\"WebSite\",\"@id\":\"https:\/\/www.pdstech.com\/#website\",\"url\":\"https:\/\/www.pdstech.com\/\",\"name\":\"PDS Tech Commercial\",\"description\":\"Skilled Trades and Engineering Workforce Solutions\",\"publisher\":{\"@id\":\"https:\/\/www.pdstech.com\/#organization\"},\"potentialAction\":[{\"@type\":\"SearchAction\",\"target\":{\"@type\":\"EntryPoint\",\"urlTemplate\":\"https:\/\/www.pdstech.com\/?s={search_term_string}\"},\"query-input\":\"required name=search_term_string\"}],\"inLanguage\":\"en-US\"},{\"@type\":\"Organization\",\"@id\":\"https:\/\/www.pdstech.com\/#organization\",\"name\":\"PDS Tech\",\"url\":\"https:\/\/www.pdstech.com\/\",\"logo\":{\"@type\":\"ImageObject\",\"inLanguage\":\"en-US\",\"@id\":\"https:\/\/www.pdstech.com\/#\/schema\/logo\/image\/\",\"url\":\"\",\"contentUrl\":\"\",\"caption\":\"PDS Tech\"},\"image\":{\"@id\":\"https:\/\/www.pdstech.com\/#\/schema\/logo\/image\/\"},\"sameAs\":[\"https:\/\/www.facebook.com\/PDSTechInc\/\",\"https:\/\/www.linkedin.com\/company\/7161\/\"]}]}<\/script>\n<!-- \/ Yoast SEO plugin. -->","yoast_head_json":{"title":"PDS Tech Commercial is an Equal Opportunity Employer","description":"As an Equal Opportunity Employer, the PDS is firmly committed to fostering an inclusive and supporting workplace for all.","robots":{"index":"index","follow":"follow","max-snippet":"max-snippet:-1","max-image-preview":"max-image-preview:large","max-video-preview":"max-video-preview:-1"},"canonical":"https:\/\/www.pdstech.com\/eeo-statement-and-legal-notices\/","og_locale":"en_US","og_type":"article","og_title":"PDS Tech Commercial is an Equal Opportunity Employer","og_description":"As an Equal Opportunity Employer, the PDS is firmly committed to fostering an inclusive and supporting workplace for all.","og_url":"https:\/\/www.pdstech.com\/eeo-statement-and-legal-notices\/","og_site_name":"PDS Tech Commercial","article_publisher":"https:\/\/www.facebook.com\/PDSTechInc\/","article_modified_time":"2026-02-20T20:55:49+00:00","twitter_card":"summary_large_image","twitter_misc":{"Est. reading time":"7 minutes"},"schema":{"@context":"https:\/\/schema.org","@graph":[{"@type":"WebPage","@id":"https:\/\/www.pdstech.com\/eeo-statement-and-legal-notices\/","url":"https:\/\/www.pdstech.com\/eeo-statement-and-legal-notices\/","name":"PDS Tech Commercial is an Equal Opportunity Employer","isPartOf":{"@id":"https:\/\/www.pdstech.com\/#website"},"datePublished":"2025-02-21T19:47:49+00:00","dateModified":"2026-02-20T20:55:49+00:00","description":"As an Equal Opportunity Employer, the PDS is firmly committed to fostering an inclusive and supporting workplace for all.","breadcrumb":{"@id":"https:\/\/www.pdstech.com\/eeo-statement-and-legal-notices\/#breadcrumb"},"inLanguage":"en-US","potentialAction":[{"@type":"ReadAction","target":["https:\/\/www.pdstech.com\/eeo-statement-and-legal-notices\/"]}]},{"@type":"BreadcrumbList","@id":"https:\/\/www.pdstech.com\/eeo-statement-and-legal-notices\/#breadcrumb","itemListElement":[{"@type":"ListItem","position":1,"name":"Home","item":"https:\/\/www.pdstech.com\/"},{"@type":"ListItem","position":2,"name":"EEO Statement and Legal Notices"}]},{"@type":"WebSite","@id":"https:\/\/www.pdstech.com\/#website","url":"https:\/\/www.pdstech.com\/","name":"PDS Tech Commercial","description":"Skilled Trades and Engineering Workforce Solutions","publisher":{"@id":"https:\/\/www.pdstech.com\/#organization"},"potentialAction":[{"@type":"SearchAction","target":{"@type":"EntryPoint","urlTemplate":"https:\/\/www.pdstech.com\/?s={search_term_string}"},"query-input":"required name=search_term_string"}],"inLanguage":"en-US"},{"@type":"Organization","@id":"https:\/\/www.pdstech.com\/#organization","name":"PDS Tech","url":"https:\/\/www.pdstech.com\/","logo":{"@type":"ImageObject","inLanguage":"en-US","@id":"https:\/\/www.pdstech.com\/#\/schema\/logo\/image\/","url":"","contentUrl":"","caption":"PDS Tech"},"image":{"@id":"https:\/\/www.pdstech.com\/#\/schema\/logo\/image\/"},"sameAs":["https:\/\/www.facebook.com\/PDSTechInc\/","https:\/\/www.linkedin.com\/company\/7161\/"]}]}},"_links":{"self":[{"href":"https:\/\/www.pdstech.com\/Testingv1\/wp-json\/wp\/v2\/pages\/5391"}],"collection":[{"href":"https:\/\/www.pdstech.com\/Testingv1\/wp-json\/wp\/v2\/pages"}],"about":[{"href":"https:\/\/www.pdstech.com\/Testingv1\/wp-json\/wp\/v2\/types\/page"}],"author":[{"embeddable":true,"href":"https:\/\/www.pdstech.com\/Testingv1\/wp-json\/wp\/v2\/users\/20"}],"replies":[{"embeddable":true,"href":"https:\/\/www.pdstech.com\/Testingv1\/wp-json\/wp\/v2\/comments?post=5391"}],"version-history":[{"count":29,"href":"https:\/\/www.pdstech.com\/Testingv1\/wp-json\/wp\/v2\/pages\/5391\/revisions"}],"predecessor-version":[{"id":6285,"href":"https:\/\/www.pdstech.com\/Testingv1\/wp-json\/wp\/v2\/pages\/5391\/revisions\/6285"}],"wp:attachment":[{"href":"https:\/\/www.pdstech.com\/Testingv1\/wp-json\/wp\/v2\/media?parent=5391"}],"curies":[{"name":"wp","href":"https:\/\/api.w.org\/{rel}","templated":true}]}}